{"id":1172,"date":"2010-06-13T21:44:26","date_gmt":"2010-06-13T20:44:26","guid":{"rendered":"http:\/\/danverkoopjetochgewoonjehuis.nl\/?page_id=1172"},"modified":"2010-06-13T21:44:26","modified_gmt":"2010-06-13T20:44:26","slug":"ernstig","status":"publish","type":"page","link":"https:\/\/wordpress.bruins.tech\/?page_id=1172","title":{"rendered":"Ernstig (na de verkiezingen &#8217;10)"},"content":{"rendered":"<p>E\u00e9n dag voor de Verkiezingen 2010 lopen we vanuit een jachthaven bij het &#8216;Oostduitse&#8217; F\u00fcrstenberg a\/d Havel naar het voormalige KZ &#8220;Ravensbr\u00fcck&#8221; &#8211; 2,5 km. verderop.<br \/>\nEr zijn nog heel wat oorspronkelijke restanten.<br \/>\nDirect buiten het kampterrein: voormalige woningen voor officieren en manschappen &#8211; in de laatsten is nu een jeugdherberg gevestigd(&#8230;)<br \/>\nBinnen de muren: diverse gebouwen waaronder enkele barakken, een fors deel van de muur, de app\u00e8lplaats, het crematorium&#8230;<br \/>\nRuim 92.000\u00a0 meisjes, jonge vrouwen en (zeer) jonge kinderen vonden hier de dood\u00a0 in minder dan drie jaar.<br \/>\nOf liever: zij vonden de dood niet &#8211; ze kregen die (hardhandig) uitgereikt.<br \/>\nDoor mensen die <strong>etnisch<\/strong> onderscheid hoog in het &#8216;vaandel&#8217; voerden.<br \/>\nHun as is nu onderdeel van het meer waarop wij voeren.<\/p>\n<p>Een dag later zijn er in Nederland verkiezingen.<br \/>\nEen al-te-blonde man die geen partij maar een &#8216;beweging&#8217; aanvoert -en zijn volgelingen van het eerste uur- wordt vierde in grootte.<br \/>\nEen prominent programmapunt: alle Nederlanders <strong>etnisch registreren<\/strong> !<br \/>\nMeer dan een miljoen stemmers.<br \/>\nHoe ziek kunnen jullie zijn?<\/p>\n<p>Voor de oorlog, die ook uitmondde in Ravensbr\u00fcck, was er in Nederland al eens eerder zo&#8217;n &#8216;beweging&#8217;<br \/>\nEr zijn misselijk makende overeenkomsten.<br \/>\n(In programma, in benadering, in stem motief, <em>enz<\/em>.)<br \/>\nNat\u00fa\u00farlijk waren Mussert en de zijnen <em>toen<\/em> nog redelijk onschuldig: zij wisten niet waar het op uit zou lopen.<br \/>\nDie onschuld kan nu mijns inziens maar ten dele geclaimd worden:<br \/>\nwant \u00f3\u00f3k als men oprecht (en oprecht verontwaardigt) briest dat een <em>zoiets<\/em> beslist niet tot de huidige intentie gerekend kan en mag worden,<br \/>\n<em>dan nog<\/em> is het feit dat dit 80 jaar geleden &#8211; met evenveel recht -precies z\u00f3 gezegd kon worden schrijnend w\u00e1\u00e1r.<\/p>\n<p>Het is als met de kernbom &#8211;<br \/>\nde enige werkelijk veilige maatregel is: er NIET aan te beginnen.<br \/>\nDat geldt m.i. ook voor onze blonde tobber en zijn wrok-overgevoelige aanhang.<br \/>\nZolang zij hier w\u00e9l aan zouden willen beginnen dient iedere erkenning op voorhand te worden uitgesloten.<br \/>\nEn zijn overwegingen tot samenwerking niet slechts megalomaan opportunistisch,<br \/>\nmaar ronduit misdadig: zij ontkennen verantwoordelijkheid voor de <em>bouwstenen<\/em> van een dergelijke ramp. Van indeling komt uitsluiting &#8211; de stap naar ontmenselijking is dan dichterbij. [Angst is een slechte raadgever: geef haar dus geen cruciale munitie.]<\/p>\n<p>Onze mogelijke nieuwe premier zette deze misdadig nonchalante stap -erkenning desondanks- evenwel als terloops.<br \/>\nEn niet als enige.<\/p>\n<p><strong>Ernstig.<\/strong><br \/>\n<em>Z\u00e9\u00e9r ernstig.<\/em><\/p>\n","protected":false},"excerpt":{"rendered":"<p>E\u00e9n dag voor de Verkiezingen 2010 lopen we vanuit een jachthaven bij het &#8216;Oostduitse&#8217; F\u00fcrstenberg a\/d Havel naar het voormalige KZ &#8220;Ravensbr\u00fcck&#8221; &#8211; 2,5 km. verderop. Er zijn nog heel wat oorspronkelijke restanten. Direct buiten het kampterrein: voormalige woningen voor officieren en manschappen &#8211; in de laatsten is nu een jeugdherberg gevestigd(&#8230;) Binnen de muren: &#8230; <a title=\"Ernstig (na de verkiezingen &#8217;10)\" class=\"read-more\" href=\"https:\/\/wordpress.bruins.tech\/?page_id=1172\" aria-label=\"Lees meer over Ernstig (na de verkiezingen &#8217;10)\">Lees verder<\/a><\/p>\n","protected":false},"author":3,"featured_media":0,"parent":587,"menu_order":0,"comment_status":"open","ping_status":"open","template":"","meta":{"footnotes":""},"class_list":["post-1172","page","type-page","status-publish"],"_links":{"self":[{"href":"https:\/\/wordpress.bruins.tech\/index.php?rest_route=\/wp\/v2\/pages\/1172","targetHints":{"allow":["GET"]}}],"collection":[{"href":"https:\/\/wordpress.bruins.tech\/index.php?rest_route=\/wp\/v2\/pages"}],"about":[{"href":"https:\/\/wordpress.bruins.tech\/index.php?rest_route=\/wp\/v2\/types\/page"}],"author":[{"embeddable":true,"href":"https:\/\/wordpress.bruins.tech\/index.php?rest_route=\/wp\/v2\/users\/3"}],"replies":[{"embeddable":true,"href":"https:\/\/wordpress.bruins.tech\/index.php?rest_route=%2Fwp%2Fv2%2Fcomments&post=1172"}],"version-history":[{"count":0,"href":"https:\/\/wordpress.bruins.tech\/index.php?rest_route=\/wp\/v2\/pages\/1172\/revisions"}],"up":[{"embeddable":true,"href":"https:\/\/wordpress.bruins.tech\/index.php?rest_route=\/wp\/v2\/pages\/587"}],"wp:attachment":[{"href":"https:\/\/wordpress.bruins.tech\/index.php?rest_route=%2Fwp%2Fv2%2Fmedia&parent=1172"}],"curies":[{"name":"wp","href":"https:\/\/api.w.org\/{rel}","templated":true}]}}